 greatest common factor of b and 5.
5
Suppose -222 = 5*z - 77. Let d = z + 119. What is the highest common divisor of 18 and d?
18
Suppose -932 = -25*i + 23*i. Let j = -223 + i. Calculate the highest common divisor of j and 27.
27
Let j = 320 - 284. What is the greatest common factor of 12 and j?
12
Let w = -14 + 17. Suppose -174 + 12 = -w*t + 4*o, t = o + 54. What is the highest common divisor of 27 and t?
27
Let d(g) = -g**3 - 12*g**2 - 16*g - 17. Let l be d(-12). What is the greatest common divisor of 75 and l?
25
Let b = 102 + -97. What is the greatest common divisor of b and 2?
1
Suppose -7*z + 4*z + 405 = 0. Let k be 8/(-6)*(-18)/12. Suppose w + k - 29 = 0. Calculate the highest common divisor of w and z.
27
Let q be (14/(-3))/(2/(-36)). Suppose -l - q = -4*l. Suppose 4*d = 3*y - 112, -d = y - l - 7. What is the highest common divisor of 9 and y?
9
Suppose 2*g + 4*h = 10, 5*g + 2*h - 12 = 5*h. Let s be ((-4)/(-12) + -2)*-3 - g. What is the greatest common factor of s and 10?
2
Suppose 2*p + n - 111 = 0, 4*n = 2*p - 3*p + 59. What is the greatest common divisor of p and 165?
55
Let d = 230 + -224. What is the greatest common factor of 30 and d?
6
Let z be 1/3 + 24/9. Let h(u) = -u**3 + 4*u**2 - 3*u + 4. Let y be h(z). Suppose -y = s - 24. Calculate the greatest common divisor of s and 10.
10
Let r be 1*(-1 - -4) - -8. Suppose r*t = 7*t - 264. Let i = -41 - t. Calculate the greatest common divisor of 10 and i.
5
Suppose 0 = 14*s - 523 - 93. Let c(x) = 4*x**2 + 8*x + 6. Let t be c(-5). Calculate the greatest common factor of s and t.
22
Suppose -3*j - 2 = -4*j. Calculate the greatest common divisor of 10 and j.
2
Suppose a = 5*k - 4*a - 35, 4*k = 3*a + 30. Let b = 15 + -9. Suppose -2*o + g = b*g - 33, -4*g + 57 = 5*o. What is the highest common factor of k and o?
9
Suppose 287*x = 279*x + 12120. What is the greatest common factor of x and 15?
15
Let u = -1345 - -1348. Suppose -3*b - 7 = -79. Calculate the greatest common divisor of b and u.
3
Suppose r + 4*r - 360 = 0. Suppose -r = -5*j + j. Let f = 551 + -524. What is the highest common divisor of f and j?
9
Suppose 0 = 3*c - 5*f + 2*f + 9, -c - 18 = -4*f. Calculate the highest common factor of 26 and c.
2
Let b = 63 + -19. Suppose 4*n = z - b, z - 3*z - 2*n = -98. Calculate the highest common factor of z and 72.
24
Suppose 4 = -3*n + 4*n. Suppose 0 = -u + s + 7, 0 = n*s - 13 + 33. Suppose -33 = -2*h - 5. What is the greatest common divisor of h and u?
2
Suppose -z + 4*g + 85 = 0, 3*g + 340 = -0*z + 5*z. Let h = 64 + -25. Suppose 0*f = -3*f + h. Calculate the highest common factor of z and f.
13
Let c be 3/5 - 920/(-50). Calculate the highest common divisor of 1159 and c.
19
Let x = -78 - -177. What is the greatest common factor of 22 and x?
11
Let u = -104 + 219. What is the highest common divisor of u and 69?
23
Let t = -67 + 78. Suppose -7*l + t*l - 132 = 0. Calculate the highest common factor of 264 and l.
33
Let b(x) = -x**2 + 45*x - 369. Let k be b(24). What is the highest common divisor of k and 324?
27
Let m(y) = y + 54. Let p be m(9). Calculate the highest common factor of p and 21.
21
Let z be (80/(-120))/((-2)/108). What is the highest common divisor of z and 132?
12
Let k = -997 - -999. Calculate the highest common factor of k and 10.
2
Let o be ((-200)/30 - -4)/(2/(-27)). Calculate the highest common divisor of 24 and o.
12
Suppose -x = 3*x + 8. Let f be (-48 + -2 + 6)*x. Calculate the greatest common factor of 11 and f.
11
Suppose -8 = -3*d - d. Let n be (-9)/27*(0 + d)*-6. What is the highest common divisor of 2 and n?
2
Let n be -6*(0 + 1/(-2)). Suppose n*l + l - 132 = 0. What is the highest common divisor of 33 and l?
33
Let b = -580 - -775. What is the greatest common factor of b and 26?
13
Suppose -288 = 4*n - 16*n. Calculate the greatest common factor of n and 264.
24
Suppose -4 = 2*a, -4*y = -a + 190 - 1552. What is the highest common divisor of y and 544?
68
Suppose 3 = 10*w - 117. Suppose 76 = q + 2*z, 4*q - 3*z = -0*q + 348. Calculate the greatest common divisor of q and w.
12
Let t be 1/((-7)/14) - (-52)/2. Calculate the greatest common divisor of t and 192.
24
Let m(a) = 5*a**3 - 6*a**2 + 18*a - 57. Let g be m(3). Calculate the greatest common factor of g and 494.
26
Suppose 3*i = -5*o - 56 - 28, 4*o + 63 = -i. Let v = -4 - o. Suppose 7*t = -2*t + 693. What is the highest common divisor of v and t?
11
Let n = 5 - 5. Suppose 3*z - 5*c - 54 = 0, -3*c = -n*z + 5*z - 124. What is the greatest common divisor of z and 1?
1
Let h be (-1)/(-2) + 70/20 - 1. Suppose 10*b - h*b - 98 = 0. Calculate the highest common divisor of 28 and b.
14
Let z be (-12)/((-8)/216*12). What is the highest common factor of z and 135?
27
Let d be ((-28)/6)/((-2)/3). Suppose 152 = -4*f + 5*f. Suppose -f + 47 = -5*m. Calculate the greatest common divisor of m and d.
7
Let h = 171 + -111. Let t be 5 - -21*(50/15 + -3). What is the greatest common divisor of t and h?
12
Let g be 203 + (28/16)/(10/(-40)). What is the greatest common factor of g and 36?
4
Suppose -9*w + 0*w = -1071. Calculate the greatest common divisor of 17 and w.
17
Suppose 0 = -3*d - 0*d + 759. Let y(t) = 2*t**2 - 8*t + 13. Let s be 0 + 9 - (3 + 5)/2. Let o be y(s). What is the greatest common factor of d and o?
23
Let m = 124 - 126. Let y be (-6 + (-78 - -3))/(3/m). What is the greatest common factor of y and 135?
27
Suppose 2*m - 9 = -m, 0 = -x - 5*m + 52. Let q = x + -46. Let k = q - -22. Calculate the greatest common factor of 39 and k.
13
Suppose -2*b + 244 = -3*d + 4*d, 0 = -5*d + 20. Let r(v) = -2*v**3 - 2*v**2 - 5*v - 3. Let l be r(-3). Calculate the greatest common factor of b and l.
24
Suppose -4*y + 2144 = 5*g, -2*g + 0*y + 880 = -4*y. Suppose -3244*v + 3176*v + 3264 = 0. What is the highest common factor of g and v?
48
Let c = 58 - -2. Calculate the highest common divisor of 320 and c.
20
Suppose 22 + 4 = 2*q + 5*h, 2 = h. Calculate the greatest common divisor of q and 1.
1
Suppose 5*l + 2039 = -3*h, 418 = 4*l - 5*l - 4*h. Let p = -285 - l. Calculate the greatest common factor of 11 and p.
11
Suppose 0 = -769*o + 752*o + 918. Suppose 4*r - 12 = 3*r - 3*h, 0 = 3*r - h - 16. Calculate the highest common divisor of o and r.
6
Suppose 4*k = -3*p + 522, 5*p + 465 = 4*k - 73. What is the greatest common divisor of 429 and k?
33
Suppose -12*i + 11*i = -3*l - 28, 2*i - l = 31. What is the greatest common divisor of i and 754?
13
Suppose -3*b = -c - 7, -3*b + 4*c - 153 + 154 = 0. Suppose -3*o = 5*q + o - 165, -4*o = 0. What is the highest common divisor of b and q?
3
Let g be 0 - (0 + 54)/(-2). Calculate the highest common factor of g and 9.
9
Let l(o) be the second derivative of -o**5/20 - o**4/6 + o**3/6 - 3*o**2/2 - 16*o. Let c be l(-3). Calculate the greatest common factor of 2 and c.
1
Suppose -3*u = 5*p + 2*u - 15, -5*u = 4*p - 12. Suppose -p = 2*h - 37. Suppose 0 = 3*x - 4*x + h. Calculate the greatest common divisor of x and 187.
17
Suppose 0 = -5*m + 3*g + 102, -5*g - 3 = m - 29. Let o be 2*(-5 - (-13)/2). What is the highest common factor of o and m?
3
Suppose 0 = -2*k - 5*n + 41, 3*k + 2*n - 104 = 3*n. Let w = 23 - k. Let r = 19 + w. What is the greatest common divisor of 36 and r?
9
Let g(c) = c**3 + 8*c**2 + 14. Let o be g(-8). Let b = o + 22. Calculate the greatest common divisor of b and 18.
18
Let z be 1 + 2*(-2)/(-4). Suppose 0 = 3*a - d - 3*d - 39, -z*a = 5*d - 26. What is the highest common factor of a and 26?
13
Suppose -31*l + 16*l + 150 = 0. Let j(c) = c**2 + 3*c. Let r be j(-2). Let q be 2*r/(-2)*10. What is the greatest common factor of q and l?
10
Let f(d) = -d**3 + 10*d**2 + 12*d - 11. Let g be f(11). Let b = 157 + -103. Suppose c - b + 15 = g. What is the highest common divisor of c and 26?
13
Let w = -20 - -41. Let q = 9 - 6. Calculate the greatest common divisor of q and w.
3
Suppose 6*w - 4 = 10*w. Let x be ((-14 - w) + 3)/(-2). What is the highest common divisor of x and 10?
5
Let w = -186 + 200. What is the greatest common divisor of w and 56?
14
Suppose -90 = -16*q + 22. What is the greatest common divisor of q and 56?
7
Let k(v) = 16*v**2 - 5*v - 3. Suppose 14*w = w - 13. Let m be k(w). Let r be 1/1 - (-1 + 0). Calculate the greatest common divisor of m and r.
2
Let h(z) = 5*z**2 + 1. Le